t w(q) = -q**3 - 118*q**2 - 773*q + 1. Give w(-7).
-27
Let i(p) = 2268*p - 2275. What is i(1)?
-7
Let w(h) = 24*h - 439. Calculate w(18).
-7
Let s(a) = a**3 - 5*a**2 - 41. Give s(0).
-41
Let m(g) = -81*g - 1962. Calculate m(-25).
63
Let i(s) = 2*s**2 - 417*s + 13498. Calculate i(40).
18
Let r(d) = -76*d - 436. Give r(-4).
-132
Let y(q) = 178*q - 1236. Give y(7).
10
Let g(x) = 2*x**2 + 67*x + 210. What is g(-31)?
55
Let v(a) = -a**3 + 17*a**2 - 11*a - 29. Give v(14).
405
Let m(p) = 2*p**2 - 158*p + 870. Give m(6).
-6
Let i(q) = -q**2 - 41*q + 502. Give i(10).
-8
Let a(v) = -3*v**2 - 56*v - 53. What is a(-16)?
75
Let g(q) = q**3 - 4*q**2 - 5*q + 5. Calculate g(4).
-15
Let q(f) = -15*f**2 - 101*f - 37. What is q(-7)?
-65
Let a(c) = 3054*c + 76340. What is a(-25)?
-10
Let s(m) = -107*m + 572. Give s(0).
572
Let o(p) = p**3 + 8*p**2 + 88*p + 565. What is o(-7)?
-2
Let a(t) = -149*t + 7307. Calculate a(49).
6
Let y(t) = t**3 + 18*t**2 - 35*t - 50. What is y(-20)?
-150
Let o(j) = j**3 + 19*j**2 - 780*j + 11. Give o(-39).
11
Let v(o) = -o**3 + 90*o**2 - 257*o - 292. Calculate v(87).
56
Let v(q) = -12*q**2 - 35. What is v(-5)?
-335
Let m(i) = -2*i**2 + 64*i + 180. Calculate m(-3).
-30
Let x(j) = 3*j**2 - 268*j - 6811. Determine x(110).
9
Let h(i) = -2*i**3 + 54*i**2 + 13*i + 1128. What is h(28)?
-76
Let b(q) = -q**3 - 128*q**2 - 4002*q - 448. What is b(-74)?
-4
Let c(b) = 2*b**3 - 10*b**2 - 1260*b + 6307. Determine c(5).
7
Let a(l) = 82*l - 1269. Determine a(15).
-39
Let k(o) = -14366*o - 86197. Calculate k(-6).
-1
Let n(z) = 41*z**2 - 13*z + 8. Give n(2).
146
Let w(k) = -3*k**3 - 62*k**2 - 318*k + 5. Calculate w(-11).
-6
Let k(r) = 6*r + 126. Calculate k(-15).
36
Let d(w) = w**2 - 38*w - 4268. Calculate d(87).
-5
Let a(l) = 15*l**2 + 102*l + 23. Determine a(-10).
503
Let c(r) = r**2 + 53*r + 560. What is c(-38)?
-10
Let t(g) = 2*g**3 + 12*g**2 + 14*g - 5. Give t(4).
371
Let j(i) = 34*i**2 + 204*i + 17. Determine j(-6).
17
Let d(m) = -2*m**2 + 7*m + 32. Give d(8).
-40
Let y(l) = 100*l - 766. Calculate y(6).
-166
Let x(v) = -v**3 + 5*v**2 - 4*v + 71. Give x(6).
11
Let p(y) = -y**3 + 23*y**2 + 26*y - 1434. What is p(21)?
-6
Let s(j) = j**2 + 7*j - 275. Calculate s(14).
19
Let d(k) = -k**3 + 13*k**2 + 49*k - 488. Determine d(14).
2
Let s(r) = -94*r - 3944. Determine s(-42).
4
Let u(b) = b**3 + 38*b**2 - 34*b + 148. Determine u(-39).
-47
Let p(x) = -x**2 + 72*x + 747. Calculate p(81).
18
Let n(p) = -112*p - 2127. Give n(-19).
1
Let q(s) = -106*s + 415. Give q(4).
-9
Let v(q) = 5*q**2 - 5*q - 7. Calculate v(5).
93
Let h(l) = 4*l**3 - 265*l**2 + 72*l - 400. Give h(66).
-4
Let q(h) = -248*h - 3023. Calculate q(-12).
-47
Let r(b) = 122*b - 2067. Determine r(17).
7
Let f(s) = -6*s - 242. What is f(-31)?
-56
Let f(o) = -153*o - 1252. Give f(-8).
-28
Let w(s) = -2*s**2 + 131*s - 977. Determine w(8).
-57
Let f(t) = t**3 + 2*t**2 - 207*t - 603. Determine f(-3).
9
Let y(j) = -27*j**3 + 4*j**2 - 8*j + 4. Calculate y(1).
-27
Let t(g) = -g**2 + 42*g + 271. Give t(48).
-17
Let s(z) = 269*z - 13. What is s(1)?
256
Let j(x) = -52*x + 160. What is j(6)?
-152
Let x(i) = -91*i - 68. Determine x(4).
-432
Let h(r) = 69*r**2 - 489*r + 74. Give h(7).
32
Let z(q) = -2*q**2 + 178*q - 3730. Give z(33).
-34
Let q(s) = 144*s - 8039. Calculate q(56).
25
Let r(n) = -152*n - 100. Give r(1).
-252
Let s(m) = -737*m - 16211. What is s(-22)?
3
Let f(o) = o + 63. Determine f(-2).
61
Let t(f) = -f**3 + 11*f**2 + 11*f - 190. Determine t(10).
20
Let x(m) = -40*m - 208. Determine x(-5).
-8
Let q(o) = -4*o**2 + 18*o + 40. Determine q(6).
4
Let n(j) = 2*j**2 + 12*j - 148. Determine n(6).
-4
Let c(r) = -179*r - 765. What is c(-4)?
-49
Let x(b) = -2*b**2 - 110*b - 6. Calculate x(-55).
-6
Let d(y) = 5*y**3 - 1754*y**2 + 3138*y + 1050. Give d(349).
3
Let q(b) = -35*b - 1020. What is q(-26)?
-110
Let i(a) = -a**3 - 9*a**2 + 6*a + 53. Determine i(-8).
-59
Let l(n) = -12*n + 679. Determine l(55).
19
Let d(y) = -9*y**3 + 81*y**2 - 74*y + 13. Calculate d(8).
-3
Let j(p) = p**2 + 28*p + 62. Calculate j(-33).
227
Let s(u) = -29*u + 274. Determine s(10).
-16
Let t(x) = -48*x + 1726. What is t(35)?
46
Let o(v) = 16*v - 691. Give o(42).
-19
Let b(q) = -q**2 + 55*q - 333. Give b(58).
-507
Let t(h) = -30*h - 1161. Calculate t(-39).
9
Let m(d) = -2*d**2 - 174*d + 1118. Determine m(-93).
2
Let k(r) = -2*r**3 + 54*r**2 + 5*r - 155. Determine k(27).
-20
Let r(v) = -3*v**2 - 24*v + 49. Calculate r(2).
-11
Let m(x) = -x**3 - 21*x**2 - 72*x + 414. Give m(-11).
-4
Let d(x) = -8*x**2 - 22*x + 7. Give d(-4).
-33
Let b(w) = -w**3 - 24*w**2 - 100*w - 21. Give b(-5).
4
Let a(z) = 144*z - 1309. Determine a(9).
-13
Let o(l) = -3*l**3 + 63*l**2 - 176*l + 2307. Determine o(20).
-13
Let a(m) = m**2 - 44*m + 253. Give a(36).
-35
Let h(a) = -3*a**2 - 29*a + 42. Calculate h(-12).
-42
Let w(r) = -r**2 + 4*r + 68. What is w(10)?
8
Let i(q) = -2*q**3 - 7*q**2 + 63*q + 243. What is i(-4)?
7
Let j(r) = 459*r + 4497. Calculate j(-10).
-93
Let o(a) = a**3 - 45*a**2 + 60*a - 665. Give o(44).
39
Let z(s) = -1428*s - 92801. Calculate z(-65).
19
Let q(t) = -t**2 - 23*t - 34. What is q(-16)?
78
Let g(b) = -18*b + 1746. What is g(94)?
54
Let u(c) = -17*c**3 - c**2 + 7*c - 7. Give u(1).
-18
Let o(x) = x**2 + 58*x + 335. Determine o(-52).
23
Let d(f) = 2*f**2 - 219*f + 3928. Calculate d(87).
13
Let l(h) = -52*h - 132. What is l(-5)?
128
Let v(t) = t**3 + 22*t**2 - 364*t + 23. Calculate v(11).
12
Let u(l) = l**3 + 31*l**2 + 98*l + 395. Determine u(-28).
3
Let u(w) = 2*w**3 + 32*w**2 - 8*w - 29. Give u(-17).
-471
Let z(r) = 2*r**3 + 15*r**2 - 24*r - 183. Determine z(-6).
69
Let c(x) = -x**3 - 21*x**2 - 90*x - 1406. Determine c(-20).
-6
Let c(k) = -k + 51. Give c(-19).
70
Let a(y) = -y**2 + 65*y + 476. Give a(72).
-28
Let g(u) = 2*u**2 + 27*u - 8. What is g(-14)?
6
Let n(i) = 71*i**2 + 351*i - 10. What is n(-5)?
10
Let p(v) = -2*v**3 + 24*v**2 - 35*v + 159. Give p(11).
16
Let o(f) = -3*f**2 + 313*f - 3142. Give o(93).
20
Let m(o) = o**2 + 25*o - 170. Determine m(-20).
-270
Let m(r) = 31*r + 223. Give m(-10).
-87
Let t(f) = f**2 + 26*f - 9. Determine t(-13).
-178
Let n(m) = -6*m - 19. Calculate n(6).
-55
Let n(l) = l**3 - 22*l**2 + 88*l + 4. Give n(6).
-44
Let i(r) = -43*r**2 + 37*r - 4. Determine i(2).
-102
Let h(s) = -3*s**3 + 79*s**2 - 27*s - 12. Calculate h(26).
-38
Let k(n) = -19*n + 1306. Determine k(55).
261
Let j(i) = -i**2 + 157*i - 5626. What is j(102)?
-16
Let c(h) = -6*h**2 + 399*h - 278. Determine c(66).
-80
Let t(o) = -28*o**2 - 139*o + 3. Give t(-5).
-2
Let c(f) = 44*f**2 + 250*f + 13. Give c(-5).
-137
Let i(m) = 41*m - 241. What is i(9)?
128
Let z(d) = 3*d**2 + 96*d + 619. What is z(-16)?
-149
Let a(q) = -4*q**2 + 37*q - 5. Calculate a(8).
35
Let t(o) = -o**3 - 7*o**2 - 13*o - 2. What is t(-4)?
2
Let x(z) = -200*z + 1111. Calculate x(7).
-289
Let u(a) = -a**3 - 8*a**2 + 14*a + 61. Give u(-10).
121
Let q(x) = 16*x + 40. Give q(-10).
-120
Let r(g) = 2*g**2 + 85*g - 2409. What is r(-62)?
9
Let x(m) = -6*m**2 - 543*m + 1389. Determine x(-93).
-6
Let j(w) = -379*w + 1148. Calculate j(3).
11
Let k(x) = -x**3 - 26*x**2 - 128*x - 96. Give k(-20).
64
Let f(n) = 27*n**2 - 216*n - 1. Determine f(8).
-1
Let g(l) = l**3 - 12*l**2 + 15*l + 27. Give g(10).
-23
Let g(b) = -65*b**3 - 192*b**2 + b - 23. Calculate g(-3).
1
Let p(r) = -4*r**3 + 18*r**2 - 3*r - 8. Determine p(4).
12
Let o(z) = 4*z**2 - 61*z - 178. What is o(-3)?
41
Let i(y) = -y**3 - 77*y**2 - 82*y - 474. Give i(-76).
-18
Let x(w) = -w**3 - 5*w**2 + 3*w - 13. What is x(-6)?
5
Let b(d) = -723*d + 7263. Give b(10).
33
Let f(p) = -p**2 - 59*p + 4384. Determine f(-102).
-2
Let r(i) = -2*i**2 - 15*i + 47. Determine r(3).
-16
Let i(j) = 4*j + 73. Give i(-7).
45
Let b(z) = -445*z + 8009. Give b(18).
-1
Let l(f) = -172*f**2 - 1024*f + 19. Give l(-6).
-29
Let z(t) = -51*t - 58. Calculate z(7).
-415
Let k(b) = -b**3 + 17*b**2 + 63*b - 769. Calculate k(6).
5
Let o(v) = v**2 + 42*v - 73. What is o(-22)?
-513
Let a(k) = 32*k**2 - 63*k - 17. Give a(3).
82
Let m(t) = 2*t**3 - 14*t**2 - 10*t + 3. Calculate m(8).
51
Let i(c) = 326*c - 22. Calculate i(-1).
-348
Let a(y) = -8*y**2 - 138*y + 3. Give a(-16).
163
Let g(v) = -133*v + 264. Give g(2).
-2
Let v(u) = -3*u + 173. Give v(45).
38
Let l(x) = 10*x - 